ose 33 + 14 = 2*n - 3*d, -2*n + 52 = 2*d. Suppose n = 2*y - 7*y. Determine w(y).
-7
Let p(u) be the third derivative of -u**6/120 - u**5/20 + u**4/12 + 2*u**3/3 - 2*u**2 - 31. Let y be (2 - 5)*(-2)/(-2). What is p(y)?
-2
Let m be (-184)/32 - (-6)/8. Let o(x) = -2*x**2 - 20*x + 1 + x**2 + 17*x. Determine o(m).
-9
Let a(l) = -l**2 + 3*l + 3. Let k(j) = -j**2 + 16*j + 2. Let s(t) = 2*a(t) - k(t). Calculate s(-14).
-52
Let t = -1318 - -1319. Let a(z) = 8*z**2 + z. Calculate a(t).
9
Suppose 0*r + 4*z + 16 = 3*r, -2*r = 5*z - 3. Let v be -2 - 8/r*-1. Let p be 1/(-1)*(v - 0). Let f(t) = t + 1. Give f(p).
1
Let j(h) = -h**2 - 15*h - 19. Suppose 8*i - i = -98. Determine j(i).
-5
Let n(k) = -11*k - 10. Suppose -5*l - 281*j = -279*j, -16 = -2*l - 4*j. Calculate n(l).
12
Let i(j) = j**2 - 8*j - 4. Let o(w) = w**2 - 3*w + 5. Let m be o(4). Let r(f) = 5*f - 37. Let h be r(m). Determine i(h).
-4
Let m(n) = -n**2 + 9*n - 1. Let i(a) = -6*a**2 + 46*a - 6. Let j be 6/(-2) - (2 - 0)/(-2). Let z(w) = j*i(w) + 11*m(w). Give z(-3).
-11
Suppose 33*u + 21 = 285. Let n(r) = -r**3 + 8*r**2 + 3*r - 10. Determine n(u).
14
Suppose -u + 0*u - 19 = -4*n, -4*n + 5*u + 15 = 0. Let i(d) = -d**3 + 4*d**2 + 5*d - 3. Determine i(n).
-3
Let s(o) = 69*o + 143. Let n be s(-2). Let q(t) = t**3 - 5*t**2 + 5*t - 19. What is q(n)?
6
Let a be 98/4 - 1/2. Suppose w = -w + a. Let p = 6 - w. Let n(c) = c**2 + 8*c + 4. Give n(p).
-8
Let z(d) be the third derivative of d**7/840 + d**6/72 - d**5/120 + d**4/24 - 3*d**3 - 25*d**2. Let a(h) be the first derivative of z(h). Determine a(-5).
6
Let s be (-2)/8*(24 - -8). Let j(q) = -6*q - 47. Give j(s).
1
Let k(g) = -g + 4. Let d be k(3). Let w(n) = 4*n - d + 0 + n**2 - 6. What is w(-5)?
-2
Let z(b) = -2*b + 62 - 20 - 24 + 2*b**2 - 19. Determine z(-1).
3
Suppose -16*k + 13*k + 24 = 0. Let g(z) = -z + 9. Let w be g(k). Let d be 3/(w - 4)*-2. Let t(m) = -3*m**2 + 3*m. Calculate t(d).
-6
Let w(m) = 6*m + 3*m**3 - 2 - 6*m**2 - 4*m**3 + 2*m**3. Let n be -6 + -1 + (-7)/(21/(-6)). Let q be 4*(-6)/24*(n - 0). Determine w(q).
3
Let j(f) = 2*f**3 - 13*f**2 + 11*f - 16. Let p be j(6). Let h(r) = -r**2 + 13*r - 12. What is h(p)?
-26
Let l(y) be the second derivative of y**3/6 - 7*y**2/2 - 49*y. Let r = 5 - -1. Calculate l(r).
-1
Let x(a) be the third derivative of -a**8/20160 - a**7/5040 + a**6/720 - 7*a**5/20 - 36*a**2. Let v(o) be the third derivative of x(o). Determine v(-2).
-1
Suppose -4*k + 2*r = -188, 3*k - 6*r + 3*r - 141 = 0. Let c = k + -44. Let p(v) = 1 + 0 + v - 4*v. Give p(c).
-8
Let r(i) = 2*i - 5. Suppose x + 34 - 69 = 0. Suppose 0 = -x*d + 27*d + 40. Give r(d).
5
Suppose 14 = -q - 26. Let l be 18/15 + (-32)/q. Let m(b) = 5*b**3 - 6*b - 3 - 7*b**l - b**3 - 5*b**3. Calculate m(-6).
-3
Let v be (1/2)/((-7)/56). Let p(i) = -i**2 - i - 1. Let k(h) = -2*h**2 + 3*h + 5. Let t(o) = v*p(o) - k(o). What is t(1)?
6
Let q(y) = -3*y + 2*y + y - y. Let c(l) = l**2 - 4*l + 5. Let b be c(3). Suppose -b*d = -d. Calculate q(d).
0
Let i(h) = h**2 - h + 13. Let v = -3 + 3. Suppose 3*q = -v*q. Determine i(q).
13
Suppose -3*r + 37 + 0 = 4*o, 4*o = -5*r + 43. Suppose -o = 2*n + 15. Let a(g) = -g - 14. Give a(n).
-3
Let o(d) = 8*d**2 - 1. Suppose -4*m = -3*m - 35. Let h be 28/m - (-2)/10. Let p = h + -2. What is o(p)?
7
Let y be (18 - 16)/(2/(-4)). Let q(a) = -a**2 - 3*a - 1. Let v(x) = 1. Let r(w) = -q(w) - 3*v(w). What is r(y)?
2
Let m(p) = p**2 + 5*p - 4. Suppose -7*s + 2*s + 10 = 0. Suppose 6*c - s*c - 84 = 0. Let w be 19/95 - c/5. Calculate m(w).
-8
Let t(w) = w**3 + 4*w**2 - 14*w - 12. Let r(z) = z**3 - 7*z**2 + 4*z + 24. Let a be r(5). Calculate t(a).
0
Let z = -75 - -70. Let x(u) = -u**2 + u + 7. Determine x(z).
-23
Let y(q) = q**3 - 5*q**2 + 4*q - 3. Suppose 65 - 47 = 6*g. Determine y(g).
-9
Let g(w) = -2*w**3 - w - 1. Let f(a) = -23*a + 228. Let y be f(10). What is g(y)?
17
Suppose 5*l - 8 - 28 = -2*o, 4*o + 6 = 3*l. Let g(q) = -q**2 + 3*q + 1. Calculate g(l).
-17
Let h be (20/(-6))/(3/9 - 1). Let y(s) = -s**3 - 10 - 10*s + 1 + 11*s**2 + h + 3. Give y(10).
-1
Let l(o) = o - 4. Suppose -2*t - 88 = 2*t. Let k = -46 - -20. Let p = t - k. Calculate l(p).
0
Let u be 7*(-4)/(0 - 4). Let l(q) be the third derivative of -q**6/120 + 7*q**5/60 - q**4/24 - 3*q**3/2 + 99*q**2. Calculate l(u).
-16
Let r(t) = 43*t + 1. Suppose 47 + 0 = -47*d. Give r(d).
-42
Let r(a) = 50*a + 24. Let t(b) = 8*b + 2. Let v(x) = -r(x) + 6*t(x). Calculate v(-16).
20
Let j(u) be the first derivative of u**3/3 - 9*u**2/2 + 11*u - 551. What is j(8)?
3
Suppose 7*l - 10 - 67 = 0. Let p(z) = -z**2 + 11*z - 4. Give p(l).
-4
Let l(y) be the second derivative of y**5/20 + y**4/3 + y**3/2 - y**2/2 + 34*y + 3. What is l(-4)?
-13
Let l be (-4 - (-70)/30) + (-4)/(-6). Let x(v) = 5*v**3 - v**2 - 2*v - 1. What is x(l)?
-5
Let y(l) = -l**2 + l - 1. Let s be -2 + 1 + 46/3*3. Let j = s + -43. Calculate y(j).
-3
Let i(c) = 6*c. Let w(h) = -h. Let k(d) = -6*i(d) - 34*w(d). Let v(g) = 4*g. Let a(u) = -5*k(u) - 2*v(u). Let t = -9 - -7. What is a(t)?
-4
Let z = 0 - 0. Let i(p) = 24 - 5860*p**2 + 11727*p**2 - p + p**3 - 5867*p**2. What is i(z)?
24
Let v(m) = -5 + 7*m + 0*m**2 - 4*m + m**2. Let f = -428 - -422. What is v(f)?
13
Let c(b) = b - 1. Let s be 78/65*3/(9/15). What is c(s)?
5
Let v be -3*16/36*-15. Suppose 2*p = 4*p - v. Suppose 20 - p = -5*d. Let h(q) = q - 2. Give h(d).
-4
Let n(i) = -4*i**2 + 3*i**3 - 121*i - 2*i**3 - 6 + 115*i. Let l = -39 + 44. Give n(l).
-11
Let b = 2 - -2. Let i(d) be the second derivative of -d**7/2520 + d**6/360 + d**5/30 + 5*d**4/6 - 9*d. Let s(r) be the third derivative of i(r). What is s(b)?
-4
Suppose -2*t - 7 = 1. Let n(b) = -4*b**2 - 6*b - 5 + 5*b**2 - 7 - 2*b**2 + 9. What is n(t)?
5
Let z(u) = -3*u - 3. Let w(k) be the first derivative of 13*k**2/2 + 11*k - 25. Let d(o) = -2*w(o) - 9*z(o). Calculate d(-9).
-4
Let t(h) be the second derivative of h**4/12 + h**3/6 + 5*h**2/2 + h + 1. Calculate t(0).
5
Let x(r) be the first derivative of r**3/3 + 8*r**2 - 17*r - 135. Calculate x(-17).
0
Let u(n) = 2*n**2 + 3*n. Suppose 0*p + 14 = 2*p + 4*i, -28 = -4*p - 2*i. Suppose 5*l + 17 = p. Determine u(l).
2
Suppose 5*s + 3*d = 32, d - 5 - 3 = -s. Let y(z) = z**2 - 5*z - 3. Determine y(s).
-7
Let d(a) = -2*a**2 - 19*a - 19. Let v(u) = -14*u + 39*u - u**2 - 15*u - 9 - 19*u. Let c(q) = -2*d(q) + 5*v(q). Calculate c(-5).
3
Let y(u) be the third derivative of -u**5/60 - u**4/3 - u**3/3 - 5*u**2. Let t be 11/33 - 16/(-6). Let v(a) = -2*a**2 + 2*a + 6. Let m be v(t). Calculate y(m).
10
Let j(k) be the third derivative of 1/60*k**5 - 5/6*k**3 + 22*k**2 + 0*k + 0 - 1/3*k**4. What is j(8)?
-5
Let l = -8 + 8. Let i(x) = x**2 - 13. Let b be i(l). Let j = -15 - b. Let w(r) = -r - 1. Calculate w(j).
1
Let s(u) = u**3 + u**2 - 3*u. Let z be s(-3). Let h(j) = -j**3 - 8*j**2 + 8*j - 6. Determine h(z).
3
Let z(b) = b**2 + 20*b + 33. Let s(l) = 9*l + 15. Let i(o) = 13*s(o) - 6*z(o). Calculate i(-2).
-21
Let u(q) be the first derivative of 1/4*q**4 + 2*q**3 + 14 + 3*q - 7/2*q**2. What is u(-7)?
3
Let x(n) = 2*n - 15. Let p be x(0). Let b be 5/p + 14/6. Let k(v) = v + 6*v**b + v**3 + 2*v**3 - 4 + 2*v**3 - 4*v**3. Calculate k(-6).
-10
Let t(q) be the second derivative of q**3/6 + 3*q**2 + q + 1. Determine t(-8).
-2
Let y(f) = f**3 + 2*f**2 - f. Let d(s) = s. Let m(w) = d(w) - y(w). Let h be m(-3). Let j(z) = 11*z**h + 4*z**2 - 12*z**3 + 0 - 1. Determine j(4).
-1
Let i(z) = z + 5. Let u(j) = j + 9. Let g(l) = l**3 + 3*l**2 + l. Let o be g(-3). Let k(p) = o*u(p) + 5*i(p). Give k(-3).
-8
Let q(b) be the second derivative of -b**5/20 + b**4/3 + b**3/3 + 7*b**2/2 - 5*b + 2. Give q(5).
-8
Let o(s) = 20*s - 31. Let b(d) = -11*d + 16. Let f(q) = 7*b(q) + 4*o(q). Give f(6).
6
Let a(p) = 11*p + 13. Let i(k) = 5*k + 6. Let n(d) = 3*a(d) - 5*i(d). Let v(o) = 15*o + 17. Let b(x) = -5*n(x) + 3*v(x). Determine b(-4).
-14
Suppose -4*a - 5 = -5*a. Let l(s) be the first derivative of -s**5/60 + s**4/6 + 5*s**3/6 - s**2 + 2. Let d(c) be the second derivative of l(c). Determine d(a).
0
Let h(a) be the third derivative of 0*a - 1/12*a**4 + 0 - 14*a**2 + 25/6*a**3. Let j be h(12). Let k(z) = z - 2. What is k(j)?
-1
Let l be (2 - 0)/4*-12. Suppose -5*q + 2*t + 33 = 0, -3*q - 12 + 34 = t. Let b(y) = 14*y**3 - 7*y**2 - q*y - 7*y*